{"id":81,"date":"2022-06-09T10:31:38","date_gmt":"2022-06-09T10:31:38","guid":{"rendered":"https:\/\/koguddev.emu.ee\/zoomeedikum\/?page_id=81"},"modified":"2024-04-29T10:32:31","modified_gmt":"2024-04-29T07:32:31","slug":"ortopeedia","status":"publish","type":"page","link":"https:\/\/kogud.emu.ee\/zoomeedikum\/ortopeedia\/","title":{"rendered":"Ortopeedia"},"content":{"rendered":"\n<!-- Page-list plugin v.5.9 wordpress.org\/plugins\/page-list\/ -->\n<ul class=\"page-list subpages-page-list \">\n<li class=\"page_item page-item-221\"><a href=\"https:\/\/kogud.emu.ee\/zoomeedikum\/ortopeedia\/kabjad-ja-sorad\/\">Kabjad ja s\u00f5rad<\/a><\/li>\n<li class=\"page_item page-item-223\"><a href=\"https:\/\/kogud.emu.ee\/zoomeedikum\/ortopeedia\/rauad-ja-tarvikud\/\">Rauad ja tarvikud<\/a><\/li>\n<li class=\"page_item page-item-227\"><a href=\"https:\/\/kogud.emu.ee\/zoomeedikum\/ortopeedia\/luupatoloogia\/\">Luupatoloogia<\/a><\/li>\n\n<\/ul>\n\n\n\n<p>Professor Rudolf S\u00e4re k\u00e4sitleb raamatus \u201eKabja- ja s\u00f5ratervishoid. Hobuserautamine\u201c (1956) veterinaarortopeediat kitsamas m\u00f5istes ning keskendub hobuse, veise, eesli ja muula rautamisele, kapjade ja s\u00f5rgade tervishoiule ning kabja- ja s\u00f5rahaiguste ravile.<br>\u00d5piku sissejuhatuses autor selgitab, et ortopeedia on meditsiiniline distsipliin, mis k\u00e4sitleb inimese ja loomade keha deformatsioonide prof\u00fclaktikat, diagnostikat, patoloogiat ja ravi ning luude ja lihaste kaasas\u00fcndinud v\u00f5i elu kestel trauma v\u00f5i mitmesuguste haiguste tagaj\u00e4rjel tekkinud talitlush\u00e4ireid. Lisades, et kuna loomadel ei olnud toona ortopeediline ravi k\u00f5igi kehaosade suhtes teostatav ja tagaj\u00e4rjekas ning esmalt tuli arvestada ravimise majanduslikku tasuvust ja looma v\u00e4\u00e4rtust, mitte aga elu s\u00e4ilitamist, piirdus veterinaarortopeedia peamiselt j\u00e4semete, eriti aga j\u00e4semete alumise osa \u2013 kabja ja s\u00f5ra deformatsioonide ning haiguste v\u00e4ltimise ja ravimisega.<br>T\u00e4htis koht veterinaarortopeedias oli hobuse, muula, eesli ja veise rautamisel. Rautamine oli vajalikuks ja sageli ainsaks prof\u00fclaktiliseks ning ravivahendiks kapjade ja s\u00f5rgade deformatsioonide ning paljude teiste j\u00e4semehaiguste v\u00e4ltimisel ja ravimisel.<\/p>\n\n\n\n<p>\u2022 S\u00e4re, R. Kabja ja s\u00f5ratervishoid. Hobuserautamine. Tallinn: Valgus, 1956.<br>\u2022 R\u00e4ngel, A. \/Loomaarst A. R\u00e4ngel\/.  Hobuserautamine ja kabja tervishoid. Autori kirjastus Valgas, 1937.<\/p>\n\n\n\n<p><\/p>\n","protected":false},"excerpt":{"rendered":"<p>Professor Rudolf S\u00e4re k\u00e4sitleb raamatus \u201eKabja- ja s\u00f5ratervishoid. Hobuserautamine\u201c (1956) veterinaarortopeediat kitsamas m\u00f5istes ning keskendub hobuse, veise, eesli ja muula rautamisele, kapjade ja s\u00f5rgade tervishoiule ning kabja- ja s\u00f5rahaiguste ravile.\u00d5piku sissejuhatuses autor selgitab, et ortopeedia on meditsiiniline distsipliin, mis k\u00e4sitleb inimese ja loomade keha deformatsioonide prof\u00fclaktikat, diagnostikat, patoloogiat ja ravi ning luude ja lihaste kaasas\u00fcndinud [&hellip;]<\/p>\n","protected":false},"author":1,"featured_media":0,"parent":0,"menu_order":3,"comment_status":"closed","ping_status":"closed","template":"","meta":{"ocean_post_layout":"","ocean_both_sidebars_style":"","ocean_both_sidebars_content_width":0,"ocean_both_sidebars_sidebars_width":0,"ocean_sidebar":"","ocean_second_sidebar":"","ocean_disable_margins":"enable","ocean_add_body_class":"","ocean_shortcode_before_top_bar":"","ocean_shortcode_after_top_bar":"","ocean_shortcode_before_header":"","ocean_shortcode_after_header":"","ocean_has_shortcode":"","ocean_shortcode_after_title":"","ocean_shortcode_before_footer_widgets":"","ocean_shortcode_after_footer_widgets":"","ocean_shortcode_before_footer_bottom":"","ocean_shortcode_after_footer_bottom":"","ocean_display_top_bar":"default","ocean_display_header":"default","ocean_header_style":"","ocean_center_header_left_menu":"","ocean_custom_header_template":"","ocean_custom_logo":0,"ocean_custom_retina_logo":0,"ocean_custom_logo_max_width":0,"ocean_custom_logo_tablet_max_width":0,"ocean_custom_logo_mobile_max_width":0,"ocean_custom_logo_max_height":0,"ocean_custom_logo_tablet_max_height":0,"ocean_custom_logo_mobile_max_height":0,"ocean_header_custom_menu":"","ocean_menu_typo_font_family":"","ocean_menu_typo_font_subset":"","ocean_menu_typo_font_size":0,"ocean_menu_typo_font_size_tablet":0,"ocean_menu_typo_font_size_mobile":0,"ocean_menu_typo_font_size_unit":"px","ocean_menu_typo_font_weight":"","ocean_menu_typo_font_weight_tablet":"","ocean_menu_typo_font_weight_mobile":"","ocean_menu_typo_transform":"","ocean_menu_typo_transform_tablet":"","ocean_menu_typo_transform_mobile":"","ocean_menu_typo_line_height":0,"ocean_menu_typo_line_height_tablet":0,"ocean_menu_typo_line_height_mobile":0,"ocean_menu_typo_line_height_unit":"","ocean_menu_typo_spacing":0,"ocean_menu_typo_spacing_tablet":0,"ocean_menu_typo_spacing_mobile":0,"ocean_menu_typo_spacing_unit":"","ocean_menu_link_color":"","ocean_menu_link_color_hover":"","ocean_menu_link_color_active":"","ocean_menu_link_background":"","ocean_menu_link_hover_background":"","ocean_menu_link_active_background":"","ocean_menu_social_links_bg":"","ocean_menu_social_hover_links_bg":"","ocean_menu_social_links_color":"","ocean_menu_social_hover_links_color":"","ocean_disable_title":"default","ocean_disable_heading":"default","ocean_post_title":"","ocean_post_subheading":"","ocean_post_title_style":"","ocean_post_title_background_color":"","ocean_post_title_background":0,"ocean_post_title_bg_image_position":"","ocean_post_title_bg_image_attachment":"","ocean_post_title_bg_image_repeat":"","ocean_post_title_bg_image_size":"","ocean_post_title_height":0,"ocean_post_title_bg_overlay":0.5,"ocean_post_title_bg_overlay_color":"","ocean_disable_breadcrumbs":"default","ocean_breadcrumbs_color":"","ocean_breadcrumbs_separator_color":"","ocean_breadcrumbs_links_color":"","ocean_breadcrumbs_links_hover_color":"","ocean_display_footer_widgets":"default","ocean_display_footer_bottom":"default","ocean_custom_footer_template":"","footnotes":""},"class_list":["post-81","page","type-page","status-publish","hentry","entry"],"_links":{"self":[{"href":"https:\/\/kogud.emu.ee\/zoomeedikum\/wp-json\/wp\/v2\/pages\/81","targetHints":{"allow":["GET"]}}],"collection":[{"href":"https:\/\/kogud.emu.ee\/zoomeedikum\/wp-json\/wp\/v2\/pages"}],"about":[{"href":"https:\/\/kogud.emu.ee\/zoomeedikum\/wp-json\/wp\/v2\/types\/page"}],"author":[{"embeddable":true,"href":"https:\/\/kogud.emu.ee\/zoomeedikum\/wp-json\/wp\/v2\/users\/1"}],"replies":[{"embeddable":true,"href":"https:\/\/kogud.emu.ee\/zoomeedikum\/wp-json\/wp\/v2\/comments?post=81"}],"version-history":[{"count":7,"href":"https:\/\/kogud.emu.ee\/zoomeedikum\/wp-json\/wp\/v2\/pages\/81\/revisions"}],"predecessor-version":[{"id":1243,"href":"https:\/\/kogud.emu.ee\/zoomeedikum\/wp-json\/wp\/v2\/pages\/81\/revisions\/1243"}],"wp:attachment":[{"href":"https:\/\/kogud.emu.ee\/zoomeedikum\/wp-json\/wp\/v2\/media?parent=81"}],"curies":[{"name":"wp","href":"https:\/\/api.w.org\/{rel}","templated":true}]}}