{"id":53,"date":"2023-09-08T09:15:36","date_gmt":"2023-09-08T09:15:36","guid":{"rendered":"https:\/\/koguddev.emu.ee\/seened\/?page_id=53"},"modified":"2025-01-30T11:38:29","modified_gmt":"2025-01-30T09:38:29","slug":"kes-oli-elmar-leppik","status":"publish","type":"page","link":"https:\/\/kogud.emu.ee\/myko\/kollektsioonid\/eaa\/kes-oli-elmar-leppik\/","title":{"rendered":"Kes oli Elmar Leppik?"},"content":{"rendered":"\n<div class=\"wp-block-columns is-layout-flex wp-container-core-columns-is-layout-9d6595d7 wp-block-columns-is-layout-flex\">\n<div class=\"wp-block-column is-layout-flow wp-block-column-is-layout-flow\" style=\"flex-basis:25%\">\n<p>Elmar Emil Leppik (aastani 1950 Elmar Lepik) s\u00fcndis 1898.a&nbsp; J\u00f5gevamaal. Ta \u00f5ppis Hugo Treffneri g\u00fcmnaasiumis. <\/p>\n\n\n\n<p>1926. a&nbsp; l\u00f5petas ta Tartu \u00fclikooli&nbsp; ja \u00f5ppis Rockefelleri stipendiaadina \u0160veitsis, kus kaitses teaduskraadi 1928. ning asus j\u00e4rgmisel aastal t\u00f6\u00f6le Tartu \u00fclikooli. Seal juhatas ta taimehaiguste katsejaama, millest sai f\u00fctopatoloogia ja m\u00fckoloogia uurimiskeskus Eestis.<\/p>\n<\/div>\n\n\n\n<div class=\"wp-block-column is-layout-flow wp-block-column-is-layout-flow\" style=\"flex-basis:50%\">\n<p> Taimekaitsevahendite  tootmiseks loodi biokeemia labor. Leppik \u00f5petas \u00fclikoolis f\u00fctopatoloogiat ja taimekasvatust, j\u00f5udes professori ametikohani ning avaldas \u00fcle <a href=\"https:\/\/kogud.emu.ee\/myko\/wp-content\/uploads\/sites\/5\/2024\/01\/Elmar-Leppik_list-of-Publications-1.pdf\">150 teaduspublikatsiooni<\/a>.<\/p>\n\n\n\n<p>Kuigi ta enda teadust\u00f6\u00f6 keskendus f\u00fctopatogeenidele, pidas ta oluliseks Eesti seenestiku uurimist laiemalt. Ta aitas korraldada v\u00e4lit\u00f6id lehikseente ja puidum\u00e4danike liikide tuvastamiseks ja seenekogusse talletamiseks. Leppik tutvustas seeni ja nende s\u00f6\u00f6davust rahvale.  1936. a. korraldas ta p\u00f5llumeeste seltsi v\u00e4ljapanekul Tartus koos T\u00f5nis Leisneri ja Nikolai Witkowskiga Eesti esimese seenen\u00e4ituse.<\/p>\n<\/div>\n\n\n\n<div class=\"wp-block-column is-layout-flow wp-block-column-is-layout-flow\" style=\"flex-basis:25%\">\n<figure class=\"wp-block-image size-full is-resized\"><img loading=\"lazy\" decoding=\"async\" width=\"436\" height=\"637\" src=\"https:\/\/koguddev.emu.ee\/myko\/wp-content\/uploads\/sites\/5\/2024\/01\/Elmar-_Leppik-e1706682830162.jpg\" alt=\"\" class=\"wp-image-531\" style=\"width:175px;height:auto\" srcset=\"https:\/\/kogud.emu.ee\/myko\/wp-content\/uploads\/sites\/5\/2024\/01\/Elmar-_Leppik-e1706682830162.jpg 436w, https:\/\/kogud.emu.ee\/myko\/wp-content\/uploads\/sites\/5\/2024\/01\/Elmar-_Leppik-e1706682830162-205x300.jpg 205w\" sizes=\"auto, (max-width: 436px) 100vw, 436px\" \/><\/figure>\n<\/div>\n<\/div>\n\n\n\n<div class=\"wp-block-columns is-layout-flex wp-container-core-columns-is-layout-9d6595d7 wp-block-columns-is-layout-flex\">\n<div class=\"wp-block-column is-layout-flow wp-block-column-is-layout-flow\">\n<div class=\"wp-block-columns is-layout-flex wp-container-core-columns-is-layout-9d6595d7 wp-block-columns-is-layout-flex\">\n<div class=\"wp-block-column is-vertically-aligned-center is-layout-flow wp-block-column-is-layout-flow\">\n<figure class=\"wp-block-image size-large\"><img loading=\"lazy\" decoding=\"async\" width=\"1024\" height=\"980\" src=\"https:\/\/kogud.emu.ee\/myko\/wp-content\/uploads\/sites\/5\/2024\/02\/23487f718e711962aebb1d33ba0194a6-1024x980.jpg\" alt=\"\" class=\"wp-image-972\" srcset=\"https:\/\/kogud.emu.ee\/myko\/wp-content\/uploads\/sites\/5\/2024\/02\/23487f718e711962aebb1d33ba0194a6-1024x980.jpg 1024w, https:\/\/kogud.emu.ee\/myko\/wp-content\/uploads\/sites\/5\/2024\/02\/23487f718e711962aebb1d33ba0194a6-300x287.jpg 300w, https:\/\/kogud.emu.ee\/myko\/wp-content\/uploads\/sites\/5\/2024\/02\/23487f718e711962aebb1d33ba0194a6-768x735.jpg 768w, https:\/\/kogud.emu.ee\/myko\/wp-content\/uploads\/sites\/5\/2024\/02\/23487f718e711962aebb1d33ba0194a6-1536x1470.jpg 1536w, https:\/\/kogud.emu.ee\/myko\/wp-content\/uploads\/sites\/5\/2024\/02\/23487f718e711962aebb1d33ba0194a6-2048x1960.jpg 2048w\" sizes=\"auto, (max-width: 1024px) 100vw, 1024px\" \/><\/figure>\n<\/div>\n\n\n\n<div class=\"wp-block-column is-vertically-aligned-center is-layout-flow wp-block-column-is-layout-flow\">\n<figure class=\"wp-block-image size-large\"><img loading=\"lazy\" decoding=\"async\" width=\"962\" height=\"1024\" src=\"https:\/\/kogud.emu.ee\/myko\/wp-content\/uploads\/sites\/5\/2024\/02\/katsejaama-tood-962x1024.jpg\" alt=\"\" class=\"wp-image-1105\" srcset=\"https:\/\/kogud.emu.ee\/myko\/wp-content\/uploads\/sites\/5\/2024\/02\/katsejaama-tood-962x1024.jpg 962w, https:\/\/kogud.emu.ee\/myko\/wp-content\/uploads\/sites\/5\/2024\/02\/katsejaama-tood-282x300.jpg 282w, https:\/\/kogud.emu.ee\/myko\/wp-content\/uploads\/sites\/5\/2024\/02\/katsejaama-tood-768x818.jpg 768w, https:\/\/kogud.emu.ee\/myko\/wp-content\/uploads\/sites\/5\/2024\/02\/katsejaama-tood-1443x1536.jpg 1443w, https:\/\/kogud.emu.ee\/myko\/wp-content\/uploads\/sites\/5\/2024\/02\/katsejaama-tood-1924x2048.jpg 1924w\" sizes=\"auto, (max-width: 962px) 100vw, 962px\" \/><\/figure>\n<\/div>\n<\/div>\n<\/div>\n\n\n\n<div class=\"wp-block-column is-layout-flow wp-block-column-is-layout-flow\">\n<p><\/p>\n\n\n\n<p><\/p>\n\n\n\n<ul class=\"wp-block-list\">\n<li>Vasakul: Leppiku eksliibris parasiitseente eostega. Autor Richard Kivit, 1943, originaal Tartu \u00fclikooli raamatukogus.<\/li>\n\n\n\n<li>Paremal: Nimestik 1936. taimehaiguste lendlehtedest, mida saadeti talunikele.<\/li>\n<\/ul>\n<\/div>\n<\/div>\n\n\n\n<p>Elmar Leppik emigreerus 1944. aastal Saksamaale ning 1950. a j\u00e4tkas teadust\u00f6\u00f6d USAs, peamiselt teoreetilise bioloogia ning evolutsiooni alal. <\/p>\n\n\n\n<p>Elmar Leppik suri 1978. Beltsvilles. S\u00fcnnimaale j\u00e4i tema p\u00e4randiks <a href=\"https:\/\/kogud.emu.ee\/myko\/kollektsioonid\/eaa\/raamatukogu\/\">raamatukogu<\/a> ja seenekollektsioon, milles tema kogutud on ligi 4 500 s\u00e4ilikut. <\/p>\n\n\n<div class=\"gb-container gb-container-b4152047\">\n\n<p>Lisainfo: <a href=\"https:\/\/ojs.utlib.ee\/index.php\/FCE\/issue\/view\/929\/18\" target=\"_blank\" rel=\"noopener\">Leppiku eluloost ja teadusest<\/a><\/p>\n\n\n\n<p><\/p>\n\n<\/div>\n\n\n<p><\/p>\n","protected":false},"excerpt":{"rendered":"<p>Elmar Emil Leppik (aastani 1950 Elmar Lepik) s\u00fcndis 1898.a&nbsp; J\u00f5gevamaal. Ta \u00f5ppis Hugo Treffneri g\u00fcmnaasiumis. 1926. a&nbsp; l\u00f5petas ta Tartu \u00fclikooli&nbsp; ja \u00f5ppis Rockefelleri stipendiaadina \u0160veitsis, kus kaitses teaduskraadi 1928. ning asus j\u00e4rgmisel aastal t\u00f6\u00f6le Tartu \u00fclikooli. Seal juhatas ta taimehaiguste katsejaama, millest sai f\u00fctopatoloogia ja m\u00fckoloogia uurimiskeskus Eestis. Taimekaitsevahendite tootmiseks loodi biokeemia labor. Leppik &#8230; <\/p>\n<p class=\"read-more-container\"><a title=\"Kes oli Elmar Leppik?\" class=\"read-more button\" href=\"https:\/\/kogud.emu.ee\/myko\/kollektsioonid\/eaa\/kes-oli-elmar-leppik\/#more-53\" aria-label=\"Read more about Kes oli Elmar Leppik?\">Read more<\/a><\/p>\n","protected":false},"author":1,"featured_media":0,"parent":10,"menu_order":0,"comment_status":"closed","ping_status":"closed","template":"","meta":{"footnotes":""},"class_list":{"0":"post-53","1":"page","2":"type-page","3":"status-publish","5":"no-featured-image-padding"},"_links":{"self":[{"href":"https:\/\/kogud.emu.ee\/myko\/wp-json\/wp\/v2\/pages\/53","targetHints":{"allow":["GET"]}}],"collection":[{"href":"https:\/\/kogud.emu.ee\/myko\/wp-json\/wp\/v2\/pages"}],"about":[{"href":"https:\/\/kogud.emu.ee\/myko\/wp-json\/wp\/v2\/types\/page"}],"author":[{"embeddable":true,"href":"https:\/\/kogud.emu.ee\/myko\/wp-json\/wp\/v2\/users\/1"}],"replies":[{"embeddable":true,"href":"https:\/\/kogud.emu.ee\/myko\/wp-json\/wp\/v2\/comments?post=53"}],"version-history":[{"count":69,"href":"https:\/\/kogud.emu.ee\/myko\/wp-json\/wp\/v2\/pages\/53\/revisions"}],"predecessor-version":[{"id":1222,"href":"https:\/\/kogud.emu.ee\/myko\/wp-json\/wp\/v2\/pages\/53\/revisions\/1222"}],"up":[{"embeddable":true,"href":"https:\/\/kogud.emu.ee\/myko\/wp-json\/wp\/v2\/pages\/10"}],"wp:attachment":[{"href":"https:\/\/kogud.emu.ee\/myko\/wp-json\/wp\/v2\/media?parent=53"}],"curies":[{"name":"wp","href":"https:\/\/api.w.org\/{rel}","templated":true}]}}