{"id":48,"date":"2023-09-08T09:15:36","date_gmt":"2023-09-08T09:15:36","guid":{"rendered":"https:\/\/koguddev.emu.ee\/seened\/?page_id=48"},"modified":"2024-02-23T14:17:58","modified_gmt":"2024-02-23T12:17:58","slug":"tuupeksemplarid","status":"publish","type":"page","link":"https:\/\/kogud.emu.ee\/myko\/kollektsioonid\/taam\/tuupeksemplarid\/","title":{"rendered":"T\u00fc\u00fcpeksemplarid"},"content":{"rendered":"\n<div class=\"wp-block-columns is-layout-flex wp-container-core-columns-is-layout-9d6595d7 wp-block-columns-is-layout-flex\">\n<div class=\"wp-block-column is-layout-flow wp-block-column-is-layout-flow\" style=\"flex-basis:25%\">\n<p><\/p>\n\n\n\n<p>Eesti maa\u00fclikooli seenekollektsioonides on teadusele uutena kirjeldatud taksonite t\u00fc\u00fcpeksemplare 576,<\/p>\n\n\n\n<ul class=\"wp-block-list\">\n<li>holot\u00fc\u00fcpe 350<\/li>\n\n\n\n<li>isot\u00fc\u00fcpe 96<\/li>\n<\/ul>\n<\/div>\n\n\n\n<div class=\"wp-block-column is-layout-flow wp-block-column-is-layout-flow\" style=\"flex-basis:50%\">\n<figure class=\"wp-block-image size-large\"><img loading=\"lazy\" decoding=\"async\" width=\"1024\" height=\"683\" src=\"https:\/\/kogud.emu.ee\/myko\/wp-content\/uploads\/sites\/5\/2024\/01\/Tyyp_TAAM1463-1024x683.jpg\" alt=\"\" class=\"wp-image-720\" srcset=\"https:\/\/kogud.emu.ee\/myko\/wp-content\/uploads\/sites\/5\/2024\/01\/Tyyp_TAAM1463-1024x683.jpg 1024w, https:\/\/kogud.emu.ee\/myko\/wp-content\/uploads\/sites\/5\/2024\/01\/Tyyp_TAAM1463-300x200.jpg 300w, https:\/\/kogud.emu.ee\/myko\/wp-content\/uploads\/sites\/5\/2024\/01\/Tyyp_TAAM1463-768x512.jpg 768w, https:\/\/kogud.emu.ee\/myko\/wp-content\/uploads\/sites\/5\/2024\/01\/Tyyp_TAAM1463-1536x1024.jpg 1536w, https:\/\/kogud.emu.ee\/myko\/wp-content\/uploads\/sites\/5\/2024\/01\/Tyyp_TAAM1463-2048x1365.jpg 2048w\" sizes=\"auto, (max-width: 1024px) 100vw, 1024px\" \/><\/figure>\n<\/div>\n\n\n\n<div class=\"wp-block-column is-layout-flow wp-block-column-is-layout-flow\" style=\"flex-basis:25%\">\n<p><\/p>\n\n\n\n<p>Suurema osa uusi liike on  kirjeldanud endise ZBI m\u00fckoloogid<\/p>\n\n\n\n<ul class=\"wp-block-list\">\n<li>A. Raitviir<\/li>\n\n\n\n<li>E. Parmasto<\/li>\n\n\n\n<li>K. Kalamees<\/li>\n<\/ul>\n<\/div>\n<\/div>\n\n\n\n<p><\/p>\n\n\n\n<p>K\u00f5ige rohkem t\u00fc\u00fcpe p\u00e4rineb Venemaa Kaug-Idast, 138 (24%) ning 78 t\u00fc\u00fcpi on p\u00e4rit Kesk-Aasiast (Kasahstan, K\u00f5rg\u00f5zstan, Tad\u017eikistan, T\u00fcrkmenistan, Usbekistan) ning 45 Kaukaasiast (Venemaa Krasnodari krai, Ad\u00f5gee Vabariik, Karat\u0161ai-T\u0161erkessia; Armeenia, Aserbaid\u017eaan, Gruusia).<\/p>\n","protected":false},"excerpt":{"rendered":"<p>Eesti maa\u00fclikooli seenekollektsioonides on teadusele uutena kirjeldatud taksonite t\u00fc\u00fcpeksemplare 576, Suurema osa uusi liike on kirjeldanud endise ZBI m\u00fckoloogid K\u00f5ige rohkem t\u00fc\u00fcpe p\u00e4rineb Venemaa Kaug-Idast, 138 (24%) ning 78 t\u00fc\u00fcpi on p\u00e4rit Kesk-Aasiast (Kasahstan, K\u00f5rg\u00f5zstan, Tad\u017eikistan, T\u00fcrkmenistan, Usbekistan) ning 45 Kaukaasiast (Venemaa Krasnodari krai, Ad\u00f5gee Vabariik, Karat\u0161ai-T\u0161erkessia; Armeenia, Aserbaid\u017eaan, Gruusia).<\/p>\n","protected":false},"author":1,"featured_media":0,"parent":7,"menu_order":0,"comment_status":"closed","ping_status":"closed","template":"","meta":{"footnotes":""},"class_list":{"0":"post-48","1":"page","2":"type-page","3":"status-publish","5":"no-featured-image-padding"},"_links":{"self":[{"href":"https:\/\/kogud.emu.ee\/myko\/wp-json\/wp\/v2\/pages\/48","targetHints":{"allow":["GET"]}}],"collection":[{"href":"https:\/\/kogud.emu.ee\/myko\/wp-json\/wp\/v2\/pages"}],"about":[{"href":"https:\/\/kogud.emu.ee\/myko\/wp-json\/wp\/v2\/types\/page"}],"author":[{"embeddable":true,"href":"https:\/\/kogud.emu.ee\/myko\/wp-json\/wp\/v2\/users\/1"}],"replies":[{"embeddable":true,"href":"https:\/\/kogud.emu.ee\/myko\/wp-json\/wp\/v2\/comments?post=48"}],"version-history":[{"count":7,"href":"https:\/\/kogud.emu.ee\/myko\/wp-json\/wp\/v2\/pages\/48\/revisions"}],"predecessor-version":[{"id":1020,"href":"https:\/\/kogud.emu.ee\/myko\/wp-json\/wp\/v2\/pages\/48\/revisions\/1020"}],"up":[{"embeddable":true,"href":"https:\/\/kogud.emu.ee\/myko\/wp-json\/wp\/v2\/pages\/7"}],"wp:attachment":[{"href":"https:\/\/kogud.emu.ee\/myko\/wp-json\/wp\/v2\/media?parent=48"}],"curies":[{"name":"wp","href":"https:\/\/api.w.org\/{rel}","templated":true}]}}