{"id":396,"date":"2024-01-24T11:16:47","date_gmt":"2024-01-24T09:16:47","guid":{"rendered":"https:\/\/koguddev.emu.ee\/myko\/?page_id=396"},"modified":"2025-01-26T16:33:46","modified_gmt":"2025-01-26T14:33:46","slug":"andmebaasid","status":"publish","type":"page","link":"https:\/\/kogud.emu.ee\/myko\/andmebaasid\/","title":{"rendered":"Andmebaasid"},"content":{"rendered":"\n<p><\/p>\n\n\n\n<p class=\"has-text-align-left\">Seene kogumisel pannakse kirja leiuaeg ja koht, seene kasvupind ehk substraat ja kasvukoha teave koos leidja ja m\u00e4\u00e4raja nimega. <\/p>\n\n\n\n<p class=\"has-text-align-left\">Neid andmeid on seenekogudes alates 1990ndatest digiteeritud ja selleks arendatud <a href=\"https:\/\/plutof.ut.ee\/et\" target=\"_blank\" rel=\"noreferrer noopener\">PlutoF<\/a> t\u00f6\u00f6laud. <\/p>\n\n\n\n<ul class=\"wp-block-list\">\n<li>\u00dclemaailmselt on meie andmed kajastatud elurikkuse teabekogus&nbsp;<a href=\"https:\/\/www.gbif.org\/occurrence\/search?dataset_key=1f917113-dd55-4000-9f80-6266fab1af03\" target=\"_blank\" rel=\"noreferrer noopener\">GBIF<\/a>.<\/li>\n<\/ul>\n\n\n\n<ul class=\"wp-block-list\">\n<li>Andmesisestuse hetkeseis on n\u00e4htav Eesti seenekogude rahvuslikus andmebaasis (<a href=\"https:\/\/natarc.ut.ee\/seenekogud.php?lang=et\" target=\"_blank\" rel=\"noreferrer noopener\">NATARC<\/a>).<\/li>\n<\/ul>\n\n\n\n<ul class=\"wp-block-list\">\n<li><a href=\"https:\/\/elurikkus.ee\/\" target=\"_blank\" rel=\"noreferrer noopener\">Eesti elurikkuse portaal<\/a>\u00a0avalikustab seente eksemplaride ja vaatluste andmed ja v\u00f5imaldab huvilistel infot otsida.<\/li>\n<\/ul>\n\n\n<div class=\"wp-block-image\">\n<figure class=\"aligncenter size-large\"><img loading=\"lazy\" decoding=\"async\" width=\"1024\" height=\"85\" src=\"https:\/\/koguddev.emu.ee\/myko\/wp-content\/uploads\/sites\/5\/2024\/01\/kuva-1024x85.jpg\" alt=\"\" class=\"wp-image-458\" srcset=\"https:\/\/kogud.emu.ee\/myko\/wp-content\/uploads\/sites\/5\/2024\/01\/kuva-1024x85.jpg 1024w, https:\/\/kogud.emu.ee\/myko\/wp-content\/uploads\/sites\/5\/2024\/01\/kuva-300x25.jpg 300w, https:\/\/kogud.emu.ee\/myko\/wp-content\/uploads\/sites\/5\/2024\/01\/kuva-768x64.jpg 768w, https:\/\/kogud.emu.ee\/myko\/wp-content\/uploads\/sites\/5\/2024\/01\/kuva.jpg 1132w\" sizes=\"auto, (max-width: 1024px) 100vw, 1024px\" \/><\/figure>\n<\/div>\n\n\n<p><\/p>\n\n\n\n<p class=\"has-text-align-center has-medium-font-size\">Punapooriku eksemplari andmed PlutoF t\u00f6\u00f6laual (\u00fclal) ja koguja k\u00e4sitsi kirjutatud  silt (all) <\/p>\n\n\n<div class=\"wp-block-image\">\n<figure class=\"aligncenter size-large is-resized\"><img loading=\"lazy\" decoding=\"async\" width=\"1024\" height=\"949\" src=\"https:\/\/koguddev.emu.ee\/myko\/wp-content\/uploads\/sites\/5\/2024\/02\/IMG_0741_muudetud-1024x949.jpg\" alt=\"\" class=\"wp-image-817\" style=\"width:430px;height:auto\" srcset=\"https:\/\/kogud.emu.ee\/myko\/wp-content\/uploads\/sites\/5\/2024\/02\/IMG_0741_muudetud-1024x949.jpg 1024w, https:\/\/kogud.emu.ee\/myko\/wp-content\/uploads\/sites\/5\/2024\/02\/IMG_0741_muudetud-300x278.jpg 300w, https:\/\/kogud.emu.ee\/myko\/wp-content\/uploads\/sites\/5\/2024\/02\/IMG_0741_muudetud-768x712.jpg 768w, https:\/\/kogud.emu.ee\/myko\/wp-content\/uploads\/sites\/5\/2024\/02\/IMG_0741_muudetud-1536x1424.jpg 1536w, https:\/\/kogud.emu.ee\/myko\/wp-content\/uploads\/sites\/5\/2024\/02\/IMG_0741_muudetud-2048x1899.jpg 2048w\" sizes=\"auto, (max-width: 1024px) 100vw, 1024px\" \/><\/figure>\n<\/div>","protected":false},"excerpt":{"rendered":"<p>Seene kogumisel pannakse kirja leiuaeg ja koht, seene kasvupind ehk substraat ja kasvukoha teave koos leidja ja m\u00e4\u00e4raja nimega. Neid andmeid on seenekogudes alates 1990ndatest digiteeritud ja selleks arendatud PlutoF t\u00f6\u00f6laud. Punapooriku eksemplari andmed PlutoF t\u00f6\u00f6laual (\u00fclal) ja koguja k\u00e4sitsi kirjutatud silt (all)<\/p>\n","protected":false},"author":1,"featured_media":0,"parent":0,"menu_order":0,"comment_status":"closed","ping_status":"closed","template":"","meta":{"footnotes":""},"class_list":{"0":"post-396","1":"page","2":"type-page","3":"status-publish","5":"no-featured-image-padding"},"_links":{"self":[{"href":"https:\/\/kogud.emu.ee\/myko\/wp-json\/wp\/v2\/pages\/396","targetHints":{"allow":["GET"]}}],"collection":[{"href":"https:\/\/kogud.emu.ee\/myko\/wp-json\/wp\/v2\/pages"}],"about":[{"href":"https:\/\/kogud.emu.ee\/myko\/wp-json\/wp\/v2\/types\/page"}],"author":[{"embeddable":true,"href":"https:\/\/kogud.emu.ee\/myko\/wp-json\/wp\/v2\/users\/1"}],"replies":[{"embeddable":true,"href":"https:\/\/kogud.emu.ee\/myko\/wp-json\/wp\/v2\/comments?post=396"}],"version-history":[{"count":24,"href":"https:\/\/kogud.emu.ee\/myko\/wp-json\/wp\/v2\/pages\/396\/revisions"}],"predecessor-version":[{"id":1189,"href":"https:\/\/kogud.emu.ee\/myko\/wp-json\/wp\/v2\/pages\/396\/revisions\/1189"}],"wp:attachment":[{"href":"https:\/\/kogud.emu.ee\/myko\/wp-json\/wp\/v2\/media?parent=396"}],"curies":[{"name":"wp","href":"https:\/\/api.w.org\/{rel}","templated":true}]}}